se 3*b = 2 - 5. What is the units digit of (b + j)/3 + 9?
9
Let t(s) be the first derivative of -3*s**2/2 - 4*s - 11. Let q be t(8). What is the tens digit of 21/q*(1 + -33)?
2
Let k = -268 - -1439. What is the tens digit of k?
7
Let p = 3747 - 2411. What is the thousands digit of p?
1
Let g be (-67)/(16/4 + (-23)/6). Let j = -164 - g. What is the tens digit of j?
3
Let i be (-12)/(-8) + 3/(-2). Suppose i = -5*d, d = 5*b + 2*d - 15. What is the units digit of b*(-1 + 4 - 2)?
3
Let z = -82 + 141. Let l = z + 61. What is the units digit of l?
0
Let r be ((-14)/(-28))/(2/(-36)). Let l be (3 - -1) + (1 - r). Suppose k - l = -3*d, -4*k + 98 = -2*d - 0*d. What is the tens digit of k?
2
Let q(r) = -361*r + 6. What is the hundreds digit of q(-2)?
7
Let w(p) = 24*p + 84. What is the hundreds digit of w(8)?
2
Let j = 228 - 186. Let v be 2*(-2)/(-4)*-9. Let s = v + j. What is the tens digit of s?
3
What is the hundreds digit of 431 + (3 - 3)/3?
4
Let x(f) be the third derivative of -f**6/120 + 7*f**5/60 + f**4/8 + f**3 + 11*f**2. What is the units digit of x(6)?
0
Let n(v) = -67*v + 39. What is the hundreds digit of n(-9)?
6
Let q = 21 - 21. Suppose q = -b - 3 + 12. Suppose -4*w = 5*g - 111, 0 = -b*g + 4*g + 15. What is the units digit of w?
4
Let n = 28 + -28. Suppose n = 13*w - 9*w + 8. What is the tens digit of 9 + (-9)/(-1 + w)?
1
Suppose g - 77 = 156. What is the hundreds digit of g?
2
Suppose 23*h = 22*h + 7. Let r(k) = 0*k**2 + k**2 - 1 - 4*k + 3. What is the units digit of r(h)?
3
Let x be (-14)/(-3)*9/6. Let i = -107 + 148. Suppose -4*f = -i - x. What is the units digit of f?
2
Let w be (-80)/(-13) + 0 + 14/(-91). Suppose w*m + 3*m - 864 = 0. What is the tens digit of m?
9
Let z(v) = 5*v - 6. Let b be z(7). Let j = -21 - -1. Let u = b + j. What is the units digit of u?
9
Let y(m) = -m**2 + 12*m - 2. Let a be y(11). Let d be (-56)/(-12) + 12/a. Suppose -r + 4*u - 3*u + 3 = 0, 2*r - d = 3*u. What is the units digit of r?
3
Let v be (715 - -2)/3 - 3. Suppose v = 3*c - 22. Let n = c + -57. What is the tens digit of n?
2
Let g = -88 - -90. Suppose -4*n = -4*f - 508, 5*n - g*f - 641 = f. What is the hundreds digit of n?
1
Let m be (-393)/(-1) - 3/(-9)*-3. Suppose -117 = -3*a - 2*z + 263, 4*z + m = 3*a. What is the tens digit of a?
2
Let a = -54 - -134. What is the hundreds digit of a/(-6)*(525/(-10))/7?
1
Suppose 15*g + 1920 = 35*g. What is the tens digit of g?
9
Let u(h) = 5*h**2 - 45*h - 45. What is the thousands digit of u(-21)?
3
What is the units digit of (-9766)/(-12) - 35/(-210)?
4
Suppose 0 = -2*h - 23 + 165. Let a = h - -63. What is the hundreds digit of a?
1
Let t = -46 - -29. Let y = t - -27. What is the tens digit of (-4)/y + (-57)/(-5)?
1
Let n = 125 - 208. Let r = 185 + n. What is the hundreds digit of r?
1
Suppose 0 = 45*z - 153754 + 40084. What is the units digit of z?
6
Let c = 5093 + -3151. What is the thousands digit of c?
1
Let s(o) = o - 3. Let j be s(5). Let b be j/(-6) - 76/(-12). Suppose -3*v + q + b = -0*q, 2*v - 4 = 5*q. What is the units digit of v?
2
Suppose -6*k = -8*k + 1676. What is the units digit of k?
8
Let y(z) = 112*z**2 - 13*z + 19. What is the thousands digit of y(-5)?
2
What is the tens digit of (0 - 116)*(-6 + (-17)/(-4))?
0
Suppose 5*v = -5*b + 85, -2 = 16*v - 18*v. Suppose -814 = b*t - 4078. What is the tens digit of t?
0
Let d(n) = -3*n - 10. Suppose 4*s - 4 = 5*t, 5*s + 12 = -0*t + 2*t. Let z be d(t). Suppose -z*h = -4*h + 30. What is the tens digit of h?
1
Let q be 10/3*(3 - (-606)/4). Suppose -5*r + r + 682 = -2*h, -3*r - 2*h = -q. What is the tens digit of r?
7
Suppose -35*v + 39039 = -14*v. What is the units digit of v?
9
Let f = 17 - 12. Suppose 336 = f*y + y. What is the units digit of y?
6
Suppose -45 = -7*n + 2*n. What is the units digit of 5 - (-9)/(n/4)?
9
Let c = 27 - 21. Suppose 0 = 10*p - c*p - 1048. What is the units digit of p?
2
Let t(k) = -k**3 + 22*k**2 + 35*k + 69. What is the units digit of t(21)?
5
Suppose -8*p + 2728 = -3952. What is the hundreds digit of p?
8
Suppose 5*o - 1 - 9 = 0. Suppose -a + o - 1 = 0, -3*w + 4*a + 77 = 0. What is the units digit of w?
7
Suppose -8*a = -a - 252. What is the hundreds digit of (2184/a)/(1/3)?
1
Let k = 41 - 81. What is the units digit of 2 - 15/(-5) - k?
5
Suppose 3*l + 110 - 296 = 0. Suppose 4*q - 138 = l. What is the units digit of q?
0
Let c = 23 + -23. Suppose -4*v - o + 57 = c, 3*o + 7 = -2*v + 28. What is the units digit of v?
5
Let z = 538 - -417. What is the units digit of z?
5
Suppose 4*a = 2*k + 15510, 3*a - 2*k + 0*k - 11634 = 0. What is the units digit of a/72 + (-1)/(-6)?
4
Suppose 366 = -3*l + 6*l. Suppose -4*t - 2*q = -0*q - l, 0 = -3*t + 5*q + 111. What is the tens digit of t?
3
Let i(q) = 0 - 2 + 1 + q**2 + 4*q. Let t(v) = v**3 - 23*v**2 + 39*v + 58. Let j be t(21). What is the units digit of i(j)?
4
Let r(v) = -v**3 + v**2 + 2*v - 1. Let b be r(1). Suppose 4*j - 8 = 0, 7 - b = -s + 3*j. Suppose 4 + s = 4*w. What is the units digit of w?
1
Suppose 4*m + 2*p = -711 + 2199, 2*p = 4*m - 1472. What is the tens digit of m?
7
Let v(r) = 110*r**2 + r - 2. What is the units digit of v(3)?
1
Let l = 15 - 9. Let k(j) = -j + 5 - l - j - 12. What is the units digit of k(-11)?
9
Suppose -64*u = u - 71630. What is the units digit of u?
2
What is the tens digit of (-18522)/(-24) - 2/(-8)?
7
Suppose 0*q - q = 29. Suppose 4*h = 2*b - h - 5, -4 = -5*b + 4*h. Let a = b - q. What is the units digit of a?
9
Suppose -2*p + 138 = 2*m, m = -2*p - 62 + 205. What is the tens digit of p?
7
Let b(r) = 4*r**2 + 42*r + 16. Let z(q) = q**2 + 14*q + 5. Let w(c) = 2*b(c) - 7*z(c). Let i(o) = -14*o + 183. Let l be i(12). What is the units digit of w(l)?
2
Let x = -7 - -15. Let k be (-1 - 1 - -1) + x. What is the units digit of (3 - 3) + k*2?
4
Let r = 7 + -5. Suppose 0 = -r*f - 3*f + 10. Suppose 3*w = 2*y + 6, f*w - 3 = -2*y + 1. What is the units digit of w?
2
Suppose 2*y = -5*v + 59, 5*y + 2*v = 9*y - 154. What is the tens digit of y?
3
Let y(i) = i**3 + i**2 + i + 24. Let x(z) = -z**3 - 3*z**2 - 3*z. Let k be x(-2). Suppose -k*q = q. What is the tens digit of y(q)?
2
Let i = 555 + -47. What is the hundreds digit of i?
5
Let y(d) = -36*d**3 + 2*d**2 - 2*d + 1. Let n be y(1). Let k = n - -38. What is the units digit of k?
3
Suppose -c = -5*n - 2316, -3602 - 7932 = -5*c + 2*n. What is the hundreds digit of c?
3
Let d(l) = -52*l**3 + 2*l**2 - 1. Let q = -29 + 7. Let c = -23 - q. What is the units digit of d(c)?
3
Let h(y) = -2*y**3 + y**2 + 5*y + 7. Let i be h(-4). Suppose 5 = -2*p + i. What is the tens digit of p?
6
Let w be 133 - 1/(2/6). Suppose r - n = 3*r + 59, -103 = 4*r + 5*n. What is the tens digit of w/8 - 24/r?
1
Let x = -11 - -16. Let y be (x - 8)/((-3)/65). Suppose 4*d - 3*m = 66 + 55, -2*d + y = 3*m. What is the units digit of d?
1
Suppose -3*m - 2 = -14. Suppose -m*o + 11 + 13 = 0. Suppose -o*y = -y - 60. What is the units digit of y?
2
Let x(o) = o**3 + 27*o**2 - 61*o + 188. What is the tens digit of x(-28)?
1
Let f be ((-250)/(-15) - 4)*6. Suppose 4*v = 3*i - 129, 8 + 7 = -5*v. Suppose -t = -2*o + i, -3*t = -4*o + t + f. What is the units digit of o?
0
Let h be (-2)/8 - (-3)/(-4). Let t(w) = 6*w + 20 + 20 + 11*w**2 - 39 - 5*w. What is the tens digit of t(h)?
1
Let h(f) be the first derivative of f - 11/2*f**2 + 3. What is the units digit of h(-3)?
4
Suppose 0 = -4*b + 20, 4*i + 5*b - 3673 = -0*i. Let s = i + -642. What is the hundreds digit of s?
2
What is the tens digit of ((-5)/((-10)/(-4)))/(2/(-108))?
0
Suppose -4*o + 150 = 38. Let n = 59 + o. What is the units digit of n?
7
What is the thousands digit of -1 - -5483 - (51 + -61)?
5
Let w be 297/77 + (-2)/(-14). Let o(z) = z**2 - 3*z. Let y be o(w). Suppose 30 = 3*v + 5*a - 10*a, -3*a - 29 = -y*v. What is the units digit of v?
5
Let c(w) = 5*w**2 - 7*w + 3. Let d(m) = -9*m**2 + 14*m - 7. Let g(v) = -7*c(v) - 4*d(v). Let x be g(5). What is the units digit of ((-2)/6)/(x/369)?
1
Let f(t) = 878*t + 44. What is the hundreds digit of f(3)?
6
Let a = 3149 - 2644. What is the tens digit of a?
0
Let v = 5 + 0. Suppose 25 = -4*i + v*i. What is the tens digit of i?
2
Let j = 1246 + -910. What is the tens digit of j?
3
Let a(x) = x**2 + 8*x + 9. Let y be a(-7). What is the units digit of (y + -1)*(-86)/(